
{"id":14,"date":"2016-11-28T19:22:42","date_gmt":"2016-11-28T18:22:42","guid":{"rendered":"http:\/\/www.lebensraumplaner.at\/wordpress\/?page_id=14"},"modified":"2018-09-11T11:24:13","modified_gmt":"2018-09-11T09:24:13","slug":"kontakt","status":"publish","type":"page","link":"https:\/\/www.lebensraumplaner.at\/?page_id=14","title":{"rendered":"Kontakt"},"content":{"rendered":"<p style=\"text-align: center;\">Ing. Klaus PIZZERA<br \/>\nLebensraumplaner<\/p>\n<p style=\"text-align: center;\">Urgental 14 <img loading=\"lazy\" class=\"alignnone size-full wp-image-48\" src=\"https:\/\/www.lebensraumplaner.at\/wordpress\/wp-content\/uploads\/2016\/11\/square.png\" alt=\"square\" width=\"5\" height=\"5\" \/>\u00a0 8600 Bruck\/Mur &#8211;\u00a0Oberaich<br \/>\nMobil <a href=\"tel:004369911694859\">+43 699 116 94 859 <\/a><img loading=\"lazy\" class=\"alignnone size-full wp-image-48\" src=\"https:\/\/www.lebensraumplaner.at\/wordpress\/wp-content\/uploads\/2016\/11\/square.png\" alt=\"square\" width=\"5\" height=\"5\" \/>\u00a0 Telefon <a href=\"tel:0043386252361\">+43 3862 52361<\/a><br \/>\nwww.lebensraumplaner.at <img loading=\"lazy\" class=\"alignnone size-full wp-image-48\" src=\"https:\/\/www.lebensraumplaner.at\/wordpress\/wp-content\/uploads\/2016\/11\/square.png\" alt=\"square\" width=\"5\" height=\"5\" \/>\u00a0\u00a0<a href=\"mailto:pizzera@lebensraumplaner.at\">pizzera@lebensraumplaner.at<\/a><\/p>\n<p style=\"text-align: center;\">Einzelunternehmer <img loading=\"lazy\" class=\"alignnone size-full wp-image-48\" src=\"https:\/\/www.lebensraumplaner.at\/wordpress\/wp-content\/uploads\/2016\/11\/square.png\" alt=\"square\" width=\"5\" height=\"5\" \/>\u00a0ATU 378 78105 <img loading=\"lazy\" class=\"alignnone size-full wp-image-48\" src=\"https:\/\/www.lebensraumplaner.at\/wordpress\/wp-content\/uploads\/2016\/11\/square.png\" alt=\"square\" width=\"5\" height=\"5\" \/>\u00a0 Gerichtsstand: Bruck\/Mur<\/p>\n<p style=\"text-align: center; margin: 30px;\"><a href=\"https:\/\/firmen.wko.at\/Web\/DetailsInfos.aspx?FirmaID=c0ba286f-8a90-42d5-82eb-ede47ef30561&amp;StandortID=0&amp;Suchbegriff=pizzera&amp;Page=1\" target=\"_blank\" rel=\"noopener noreferrer\"><img loading=\"lazy\" class=\"size-full wp-image-44 aligncenter\" src=\"https:\/\/www.lebensraumplaner.at\/wordpress\/wp-content\/uploads\/2016\/11\/infoplflicht.png\" alt=\"infoplflicht\" width=\"269\" height=\"38\" srcset=\"https:\/\/www.lebensraumplaner.at\/wordpress\/wp-content\/uploads\/2016\/11\/infoplflicht.png 300w, https:\/\/www.lebensraumplaner.at\/wordpress\/wp-content\/uploads\/2016\/11\/infoplflicht-150x21.png 150w\" sizes=\"(max-width: 269px) 100vw, 269px\" \/><\/a><\/p>\n<p style=\"text-align: center;\"><a href=\"https:\/\/www.lebensraumplaner.at\/?page_id=1795\">Datenschutz<\/a><\/p>\n<p style=\"text-align: center; font-size: 80%;\">\u00a9 www.lebensraumplaner.at<br \/>\nWir distanzieren uns ausdr\u00fccklich von jeglichen Sch\u00e4den oder Schadenersatzanspr\u00fcchen\u00a0Dritter, die durch die Nutzung der hier bereitgestellten Informationen eintreten.<\/p>\n","protected":false},"excerpt":{"rendered":"<p>Ing. Klaus PIZZERA Lebensraumplaner Urgental 14 \u00a0 8600 Bruck\/Mur &#8211;\u00a0Oberaich Mobil +43 699 116 94 859 \u00a0 Telefon +43 3862 52361 www.lebensraumplaner.at \u00a0\u00a0pizzera@lebensraumplaner.at Einzelunternehmer \u00a0ATU 378 78105 \u00a0 Gerichtsstand: Bruck\/Mur Datenschutz \u00a9 www.lebensraumplaner.at Wir distanzieren uns ausdr\u00fccklich von jeglichen Sch\u00e4den oder Schadenersatzanspr\u00fcchen\u00a0Dritter, die durch die Nutzung der hier bereitgestellten Informationen eintreten.<\/p>\n","protected":false},"author":2,"featured_media":42,"parent":0,"menu_order":0,"comment_status":"closed","ping_status":"closed","template":"","meta":[],"_links":{"self":[{"href":"https:\/\/www.lebensraumplaner.at\/index.php?rest_route=\/wp\/v2\/pages\/14"}],"collection":[{"href":"https:\/\/www.lebensraumplaner.at\/index.php?rest_route=\/wp\/v2\/pages"}],"about":[{"href":"https:\/\/www.lebensraumplaner.at\/index.php?rest_route=\/wp\/v2\/types\/page"}],"author":[{"embeddable":true,"href":"https:\/\/www.lebensraumplaner.at\/index.php?rest_route=\/wp\/v2\/users\/2"}],"replies":[{"embeddable":true,"href":"https:\/\/www.lebensraumplaner.at\/index.php?rest_route=%2Fwp%2Fv2%2Fcomments&post=14"}],"version-history":[{"count":21,"href":"https:\/\/www.lebensraumplaner.at\/index.php?rest_route=\/wp\/v2\/pages\/14\/revisions"}],"predecessor-version":[{"id":1800,"href":"https:\/\/www.lebensraumplaner.at\/index.php?rest_route=\/wp\/v2\/pages\/14\/revisions\/1800"}],"wp:featuredmedia":[{"embeddable":true,"href":"https:\/\/www.lebensraumplaner.at\/index.php?rest_route=\/wp\/v2\/media\/42"}],"wp:attachment":[{"href":"https:\/\/www.lebensraumplaner.at\/index.php?rest_route=%2Fwp%2Fv2%2Fmedia&parent=14"}],"curies":[{"name":"wp","href":"https:\/\/api.w.org\/{rel}","templated":true}]}}