
{"id":12,"date":"2016-11-28T19:22:24","date_gmt":"2016-11-28T18:22:24","guid":{"rendered":"http:\/\/www.lebensraumplaner.at\/wordpress\/?page_id=12"},"modified":"2016-11-29T09:36:23","modified_gmt":"2016-11-29T08:36:23","slug":"referenzen","status":"publish","type":"page","link":"https:\/\/www.lebensraumplaner.at\/?page_id=12","title":{"rendered":"Referenzen"},"content":{"rendered":"<ul>\n<li>Antikm\u00f6bel Hesz Wels<\/li>\n<li>Auktionshaus Auteno &#8211; Wien<\/li>\n<li>B\u00e4ckerei Pesl &#8211; St.Lorenzen<\/li>\n<li>Balzers Oerlikon Beschichtungstechnologie &#8211; Kapfenberg<\/li>\n<li>Bautechnik Mayr<\/li>\n<li>Berggasthof Oswaldbauer<\/li>\n<li>Boelerith &#8211; Kapfenberg<\/li>\n<li>Brix Zaun &#8211; Neud\u00f6rfl<\/li>\n<li>Carbon Solutions Hintsteiner Group &#8211; M\u00fcrzhofen<\/li>\n<li>Die H\u00f6henarbeiter-Bau GmbH<\/li>\n<li>Feinguss Ost &#8211; Kapfenberg<\/li>\n<li>Gemeinde Sankt Lorenzen<\/li>\n<li>Genusskult Handels GmbH \u2013 Bruck\/Mur<\/li>\n<li>Hausverwaltung Martinuzzi \u2013 Wien<\/li>\n<li>Hotel Landskron \u2013 Bruck\/Mur<\/li>\n<li>Hotel Panhans Semmereing<\/li>\n<li>IKK \u2013 ZT GmbH &#8211; Graz<\/li>\n<li>Knoll Autohaus &#8211; Langenwang<\/li>\n<li>Koini Caf\u00e9 &#8211; Bruck an der Mur<\/li>\n<li>Lambert H\u00f6lzl Tischlerei \u2013 Lorenzen<\/li>\n<li>Luiki Betonwerk &#8211; Leoben<\/li>\n<li>Logic Endeavor Group &#8211; Deutschlandsberg<\/li>\n<li>Logicdata &#8211; Elektronic &amp; Software Entwicklung &#8211; Deutschlandsberg<\/li>\n<li>Massagepraxis Mag. Jutta Bertsch &#8211; Gaaden<\/li>\n<li>Metallbau Heidenbauer \u2013 Bruck\/Mur<\/li>\n<li>Metallbau Russmann &#8211; M\u00f6dling<\/li>\n<li>Minka Holz- und Metallverarbeitung \u2013 Lorenzen<\/li>\n<li>Moststube Wei\u00dfenbacher &#8211; Allerheiligen<\/li>\n<li>M\u00fcrztaler Streuobstregion<\/li>\n<li>Naturhaus Rossmann Romantikzimmer &#8211; Aflenz<\/li>\n<li>Pewag engineering &#8211; Kapfenberg<\/li>\n<li>PIWI media \u2013 Multimedia Produktion \u2013 Bruck\/Mur<\/li>\n<li>Prais Autoglas &#8211; Bruck\/Mur<\/li>\n<li>Purgay &amp; Ocko Baucontrol &#8211; Bruck\/Mur<\/li>\n<li>Rechtsanwaltskanzlei Beck-Krist-Bubits &amp; Partner &#8211; M\u00f6dling<\/li>\n<li>Rechtsanwaltskanzlei Kropiunig &#8211; Leoben<\/li>\n<li>Reichel Autohaus &#8211; Leoben<\/li>\n<li>Roanwirt H\u00f6lzl \u2013Lorenzen<\/li>\n<li>Romantikzimmer H\u00f6lzl \u2013 Lorenzen<\/li>\n<li>Saubermacher Graz<\/li>\n<li>Saubermacher Wien<\/li>\n<li>Sozialhilfeverband Bruck an der Mur<\/li>\n<li>Stadtwerke Kapfenberg<\/li>\n<li>Stehachterl Wien<\/li>\n<li>Steiereck Pogusch<\/li>\n<li>Tourismusreginalverband Hochsteiermark<\/li>\n<li>Tourismusverein St. Lorenzen<\/li>\n<li>Trachtenmode Wernbacher &#8211; Mitterdorf<\/li>\n<li>Voest Alpine Boehler Welding \u2013 Kapfenberg<\/li>\n<\/ul>\n","protected":false},"excerpt":{"rendered":"<p>Antikm\u00f6bel Hesz Wels Auktionshaus Auteno &#8211; Wien B\u00e4ckerei Pesl &#8211; St.Lorenzen Balzers Oerlikon Beschichtungstechnologie &#8211; Kapfenberg Bautechnik Mayr Berggasthof Oswaldbauer Boelerith &#8211; Kapfenberg Brix Zaun &#8211; Neud\u00f6rfl Carbon Solutions Hintsteiner Group &#8211; M\u00fcrzhofen Die H\u00f6henarbeiter-Bau GmbH Feinguss Ost &#8211; Kapfenberg Gemeinde Sankt Lorenzen Genusskult Handels GmbH \u2013 Bruck\/Mur Hausverwaltung Martinuzzi \u2013 Wien Hotel Landskron \u2013 [&hellip;]<\/p>\n","protected":false},"author":2,"featured_media":0,"parent":0,"menu_order":0,"comment_status":"closed","ping_status":"closed","template":"page-templates\/referenzen.php","meta":[],"_links":{"self":[{"href":"https:\/\/www.lebensraumplaner.at\/index.php?rest_route=\/wp\/v2\/pages\/12"}],"collection":[{"href":"https:\/\/www.lebensraumplaner.at\/index.php?rest_route=\/wp\/v2\/pages"}],"about":[{"href":"https:\/\/www.lebensraumplaner.at\/index.php?rest_route=\/wp\/v2\/types\/page"}],"author":[{"embeddable":true,"href":"https:\/\/www.lebensraumplaner.at\/index.php?rest_route=\/wp\/v2\/users\/2"}],"replies":[{"embeddable":true,"href":"https:\/\/www.lebensraumplaner.at\/index.php?rest_route=%2Fwp%2Fv2%2Fcomments&post=12"}],"version-history":[{"count":3,"href":"https:\/\/www.lebensraumplaner.at\/index.php?rest_route=\/wp\/v2\/pages\/12\/revisions"}],"predecessor-version":[{"id":40,"href":"https:\/\/www.lebensraumplaner.at\/index.php?rest_route=\/wp\/v2\/pages\/12\/revisions\/40"}],"wp:attachment":[{"href":"https:\/\/www.lebensraumplaner.at\/index.php?rest_route=%2Fwp%2Fv2%2Fmedia&parent=12"}],"curies":[{"name":"wp","href":"https:\/\/api.w.org\/{rel}","templated":true}]}}